o. Determine x(4).
-8
Let m(f) = f - 5. Suppose -4*a = -5*t - 0*a - 5, 2*t = -a - 2. What is m(t)?
-6
Let l(c) be the second derivative of -c**4/12 - 5*c**3/3 - 5*c**2 + 6*c + 12. Determine l(-9).
-1
Let b(z) = z**3 + 8*z**2 + 9*z + 2. Let j be ((-7)/2 - -5)*-304. Let l be 3240/j + (-4)/(-38). Calculate b(l).
-12
Let y(t) = -t - 5. Let w be 6*16/56*-7. Determine y(w).
7
Let j(o) be the first derivative of -o**3/3 - 3*o**2/2 + 4*o + 111. Let t = 0 + 1. Let y = t - -2. Give j(y).
-14
Let i = 1900 - 1909. Let h(x) = 5*x - 7. Determine h(i).
-52
Let g = -3 - 3. Let z(k) = -12*k**3 - 6*k**2 - 7*k + 5. Let u(b) = -23*b**3 - 11*b**2 - 13*b + 9. Let i(l) = g*u(l) + 11*z(l). What is i(-1)?
-6
Let z(k) be the third derivative of k**6/120 + 13*k**5/60 + 11*k**4/24 - 8*k**3/3 - 44*k**2. What is z(-12)?
-4
Let p(b) = -b**3 - 10*b**2 + 12*b + 11. Let t be (-1)/(16/55 - (-4)/(-20)). Calculate p(t).
0
Let x(n) = -n**2 - 2. Let w(i) = i**3 + 7*i**2 - 3*i + 2. Let b(p) = w(p) + 4*x(p). Suppose 7*d - 4*d = 24. Suppose v + v + d = 0. Determine b(v).
-10
Suppose -3 = -t + 1, -4*t = -5*s + 9. Let c(d) = 7*d**2 + 6*d - d - s + 0*d + d**3. What is c(-6)?
1
Let u be (20/(-2))/(-13 - -15) - 1. Let q(a) = -a**3 - 4*a**2 + 9*a + 6. What is q(u)?
24
Let h(q) = -6*q - 6. Let z = 154 + -153. Let r(o) = -o. Let g(x) = z*h(x) - 2*r(x). Give g(-5).
14
Let r(m) be the first derivative of 0*m**2 + m - 5/3*m**3 - 2. Suppose 10 = 2*u, 0 = -3*g - u - 2*u + 12. What is r(g)?
-4
Let h(s) be the second derivative of s**8/6720 + s**7/1260 - s**6/360 - s**5/40 - 3*s**4/4 - 11*s. Let b(d) be the third derivative of h(d). Give b(-3).
-6
Let o(h) = -h**3 - 3*h**2 + 4*h + 2. Let r(v) = 2*v**3 + 7*v**2 - 10*v - 4. Let c(g) = 5*o(g) + 2*r(g). What is c(-2)?
6
Let x(l) be the third derivative of -l**6/720 + 11*l**5/120 - 11*l**4/24 + 3*l**2. Let d(m) be the second derivative of x(m). Give d(9).
2
Let p(c) = c**3 - 4*c**2 + c - 6. Let o(w) = -w**2 + w - 2. Let n(u) = -o(u) + p(u). Determine n(3).
-4
Suppose -552*u - 10 = -542*u. Let i(p) = 11*p**3 + p**2 + p. Give i(u).
-11
Let v(l) = 2*l**2 + 4*l + 2. Let c = 10 - 12. Let z be v(c). Suppose 2*k + 8 = -z*k. Let h(o) = 3*o + 3. Calculate h(k).
-3
Suppose 41 - 42 = -w. Let o(l) = 2*l**2 + l. Calculate o(w).
3
Let n(k) = -k**2 + 3*k + 2. Let w be n(3). Let g(l) = 6*l - 2 + 1 - 72*l**w + 4 + 70*l**2 - l**3. Let y = -4 + 0. What is g(y)?
11
Let u(h) = 7*h**2 - h - 1. Let g(z) = -z**2 - 13*z - 9. Let o be g(-12). Let v be o/(-2) + (-105)/10. Let m = v - -11. Calculate u(m).
7
Suppose -5*h + 50 + 15 = -5*j, 0 = 3*j + 3*h + 27. Let t(w) = w**2 + 13*w + 16. Calculate t(j).
-6
Let v(d) be the third derivative of d**7/420 + d**6/180 - d**5/120 + 2*d**3 - 9*d**2. Let y(z) be the first derivative of v(z). Give y(-2).
-6
Suppose 3*w = 5 - 2. Let p be 3*(0/3 + w). Let c(i) = 4*i**2 - 5*i - 7 - 3*i**3 + 3*i**3 + i**p. Determine c(-5).
-7
Let c be (0 - 0)/1*-1. Suppose 0 = 5*o - c*o - 15. Let q(n) = 0*n - o + 3*n - 2 - n. Determine q(-4).
-13
Let g(m) be the first derivative of m**4/4 + m**3 + 4*m + 41. Give g(-4).
-12
Let p(m) = 3. Let j(v) = -v + 1. Let n(y) = -j(y) + p(y). Let f = -38 - -16. Let c be f/6 + 12/(-36). Give n(c).
-2
Let k(c) = 3*c + 3. Let s(j) = j + 1. Let x = 52 - 53. Let l(w) = x*k(w) + 2*s(w). Determine l(-4).
3
Suppose -6*m - 28 = -8*m. Suppose -3*g + 5*b = 25, m = -5*g - 5*b - 1. Let j(q) = -1. Let y(l) = l + 17. Let n(f) = 6*j(f) + y(f). Calculate n(g).
6
Let n be (4 - 6) + 0 - -7. Let k(l) = -5*l**2 + l**3 - 1 + 8 + 0 + l - 2. Give k(n).
10
Suppose 0*x + x = 1. Let o(c) = -11*c**2 - 5*c + 5. Let f(n) = -3*n - 7*n**2 + 3 + 0 + 0*n. Let t(u) = -8*f(u) + 5*o(u). Give t(x).
1
Let h(p) be the second derivative of -9*p**5/20 - p**3/6 + 7*p - 5. Determine h(1).
-10
Let h be (1 - 2)/((-1)/8). Let c(f) = -f + h*f + 4 - 4*f. Calculate c(-3).
-5
Let z(o) = -o - 8. Let j be (-5)/(-140)*1388 - 8/14. Let k = -42 + j. Give z(k).
-15
Let n be (-5*6/30)/(3/18). Let q(v) = -v**3 - 4*v**2 + 12*v + 3. Give q(n).
3
Let b(d) be the third derivative of 1/120*d**6 - 1/2*d**3 + 0 - 7*d**2 + 1/12*d**5 + 5/24*d**4 + 0*d. Suppose x = 4*x + 12. Calculate b(x).
-7
Let z(d) = d**3 - 10*d**2 - 5*d + 11. Let o(c) be the third derivative of -c**5/30 - c**4/24 + c**3/3 - 17*c**2. Let j(n) = -11*o(n) + 2*z(n). Determine j(-1).
-1
Let m(w) = 5*w + w + w - 14 + 12 - w**3 + 4*w**2. Calculate m(5).
8
Let z(p) = 35*p - p**2 - 20*p - 15*p. Let k(c) = -5*c**2 - 7*c. Let b(w) = k(w) - 6*z(w). Let f(u) = -u**3 + u**2 + 5. Let h be f(0). Give b(h).
-10
Let u(r) = -r**2 + 6*r + 5. Let t be u(6). Suppose 0*w - 15 = -t*w. Let a(c) = 2*c**2 - 3 + w*c + 21*c**3 - 4*c**2 - 20*c**3. Calculate a(2).
3
Let o(q) = -q + 1. Let p(a) be the third derivative of -a**4/24 + a**3/3 + 4*a**2. Let w(d) = 5*o(d) - 3*p(d). Give w(-2).
3
Let v(t) = -2*t**3 - 20*t**2 - 13*t - 8. Let p(n) = -n**3 - 10*n**2 - 7*n - 4. Let m(r) = 7*p(r) - 3*v(r). Give m(-9).
5
Let z(r) = r**2 - 8*r - 63. Let s be z(-5). Let f(d) = 5*d + 4. Determine f(s).
14
Let v be (-1*(3 + -71))/2. Let s(z) = 1 + v*z - 33*z + 0. What is s(-4)?
-3
Let k(m) = -12*m + 2. Suppose 21 - 23 = i. Calculate k(i).
26
Suppose -70*l - 28*l = -392. Let w(z) = 2*z**3 - 4*z**2 - 3*z - 5. Give w(l).
47
Let f(v) be the third derivative of -1/20*v**5 - 1/120*v**6 + 1/2*v**3 + 0*v**4 + 0 + 0*v - 12*v**2. What is f(-3)?
3
Let i(t) = 2*t**2 - 3 + 4*t - 4*t + 7 - t. What is i(0)?
4
Let p(r) = r**3 - 5*r**2 - 7*r - 6. Suppose 7*k + 8 = 9*k. Suppose 0 = k*w - 5 - 11. Suppose -w*d + 16 = -8. Give p(d).
-12
Let g(h) = h**2 - 6*h - 2. Let v(a) = a**2 - 6*a - 51. Let f be v(11). Determine g(f).
-10
Let f(d) = -d**3 + d**2 + 2*d - 2. Let a(l) = l**2 + 7*l + 8. Let h = -7 + 11. Let v = -10 + h. Let i be a(v). Determine f(i).
-2
Let n(k) be the third derivative of 0*k + 0 + 2*k**2 + 7/60*k**5 - 1/120*k**6 - k**3 - 1/6*k**4. Let a be 4 - (-4 + 4 + -2). Calculate n(a).
6
Let g(w) = -3*w**2 + 3*w. Let j = -210 + 212. Determine g(j).
-6
Let p(o) = o**2 - o - 6. Let u be -5*(-3 - (-8)/4). Suppose -u*m = 2*t - 4*m - 9, 4 = t + m. Calculate p(t).
14
Let j(f) = 16*f + 1. Let n(v) = v**3 - 8*v**2 - v + 16. Let u be n(8). Let i = 9 - u. Determine j(i).
17
Let h(z) = -z**3 + 8*z**2 - 15*z - 13. Let u be h(7). Let d = 63 + u. Let q(w) = w - 3. Give q(d).
-9
Let p = 175 - 89. Let t(s) = -3*s + 40*s**2 + 3 + 45*s**2 - p*s**2. Calculate t(2).
-7
Let l be 6/15 - (-6)/(-15). Let q(r) = -r**3 + r - 9. Give q(l).
-9
Let i(r) be the first derivative of -r**2/2 - 4*r + 330. What is i(14)?
-18
Let m(o) = 11. Let z(d) = d - 1. Let l(i) = -m(i) - 6*z(i). What is l(-5)?
25
Let w = 10 - 14. Let z be ((-30)/(-9))/(w/(-6)). Let v(k) = k**3 + k - 9 - 2*k**3 + 2 + 5*k**2. Give v(z).
-2
Let z(q) = q**2 - 5*q + 3. Let v(m) = -15*m**3 + 2*m**2 + 2*m - 3. Let x be v(2). Let p = x - -114. Determine z(p).
-3
Suppose -3*m + 42 = 3*x, -4*x - x = 2*m - 28. Let z(d) = -22*d + 6 + 33*d - m*d. What is z(-6)?
24
Suppose -298*c = -307*c - 9. Let d(a) = 19*a - 1. Determine d(c).
-20
Let r be (-2)/(-2) - (-12)/(-3). Let l = r + 11. Let z(k) = -k**3 + 8*k**2 + 2*k - 11. Determine z(l).
5
Let x = 117/4 + -349/12. Let s(g) be the second derivative of 3/2*g**2 - x*g**3 + 0 + 1/12*g**4 - 8*g. Give s(3).
9
Let h(a) = -a**3 - 3*a**2 - 5*a - 17. Let i(m) = -m**2 - m + 1. Let s(g) = h(g) - 3*i(g). What is s(0)?
-20
Suppose 4*o = 2*v - 8, -5*v - 5*o + 5 = -0. Let y(g) = -6*g**2 + 4 - 3*g + 3*g**2 - v*g**2 + 0*g**2 + g**3. Calculate y(5).
-11
Let j(g) = g**3 - 7*g**2 - 3. Suppose a = 2*h + 2 - 98, -2*a + 84 = 2*h. Let p = h - 39. Give j(p).
-3
Let x = -31 + 13. Let b = x - -16. Let y(o) = -o**3 - 3*o**2 + 2*o + 1. Determine y(b).
-7
Let s(i) = 306*i + 309*i - 616*i + 4. What is s(4)?
0
Let f(o) = -o + 1. Suppose -4*b + 2*r = 22, -r - 3 = -3*b - 17. Calculate f(b).
4
Suppose -5*l - 3*r = 25, l - 3*r + 5*r = -5. Let x(u) = -u**2 - 10*u - 8. Calculate x(l).
17
Let s be (684/(-266))/(6/28). Let c(t) = t + 15. What is c(s)?
3
Let j(z) be the second derivative of -5*z - 1/2*z**3 - 1/12*z**4 + 0*z**2 + 1/120*z**5 + 0. Let h(x) be the second derivative of j(x). Determine h(6).
4
Let z = 5 + -11. Let c be 2/5 + (-54)/(-15). Let o(f) = -f**2 + 3*f + 2*f**3 + f**3 + 8 - c*f**3 - 5*f**2. Give o(z).
-10
Let u(f) = -f**2 - 4*f + 56.